.
187
What is the remainder when 24598 is divided by 24302?
296
What is the remainder when 832096 is divided by 1651?
1643
What is the remainder when 1079854 is divided by 3802?
86
Calculate the remainder when 6728944 is divided by 1121490.
4
What is the remainder when 106619 is divided by 105646?
973
What is the remainder when 8652506 is divided by 163254?
44
Calculate the remainder when 203743 is divided by 720.
703
What is the remainder when 37657624 is divided by 449?
443
What is the remainder when 457197 is divided by 508?
505
What is the remainder when 308962 is divided by 12519?
8506
What is the remainder when 28925642 is divided by 4398?
4394
Calculate the remainder when 659176 is divided by 219717.
25
What is the remainder when 21769119 is divided by 40463?
25
Calculate the remainder when 5001935 is divided by 2500804.
327
What is the remainder when 538775 is divided by 179584?
23
What is the remainder when 27884 is divided by 243?
182
Calculate the remainder when 299576 is divided by 298788.
788
Calculate the remainder when 20043961 is divided by 152.
25
What is the remainder when 437355 is divided by 72881?
69
Calculate the remainder when 150556 is divided by 375.
181
Calculate the remainder when 71642744 is divided by 6.
2
Calculate the remainder when 44146 is divided by 902.
850
What is the remainder when 140787 is divided by 140769?
18
What is the remainder when 674991 is divided by 42177?
159
Calculate the remainder when 5207872 is divided by 5207841.
31
Calculate the remainder when 78974 is divided by 950.
124
Calculate the remainder when 21148341 is divided by 10574162.
17
What is the remainder when 2238273 is divided by 2366?
37
What is the remainder when 1347858 is divided by 673909?
40
Calculate the remainder when 11925171 is divided by 21.
6
Calculate the remainder when 55481 is divided by 27014.
1453
Calculate the remainder when 6372 is divided by 1253.
107
What is the remainder when 2003355 is divided by 5801?
2010
Calculate the remainder when 762288 is divided by 1279.
4
What is the remainder when 1536414 is divided by 4119?
27
What is the remainder when 140084 is divided by 7757?
458
Calculate the remainder when 1179198 is divided by 4257.
9
Calculate the remainder when 41119274 is divided by 563.
6
What is the remainder when 191918 is divided by 22?
12
Calculate the remainder when 14087552 is divided by 41.
34
Calculate the remainder when 42986 is divided by 10736.
42
Calculate the remainder when 175638233 is divided by 4476.
4469
What is the remainder when 628161 is divided by 20241?
690
What is the remainder when 433253 is divided by 72208?
5
Calculate the remainder when 319125 is divided by 79726.
221
What is the remainder when 189753 is divided by 18919?
563
Calculate the remainder when 1122910 is divided by 1817.
4
Calculate the remainder when 64057 is divided by 63779.
278
What is the remainder when 6578 is divided by 5490?
1088
What is the remainder when 947474266 is divided by 409?
408
Calculate the remainder when 2414975 is divided by 482986.
45
What is the remainder when 4355836 is divided by 19?
10
What is the remainder when 2279019 is divided by 1303?
72
Calculate the remainder when 81055601 is divided by 46.
13
What is the remainder when 1008903 is divided by 99?
93
What is the remainder when 84127696 is divided by 50?
46
Calculate the remainder when 66237025 is divided by 579.
4
Calculate the remainder when 399821888 is divided by 169.
167
What is the remainder when 37417 is divided by 37172?
245
Calculate the remainder when 7696566 is divided by 481035.
6
Calculate the remainder when 51353801 is divided by 53.
34
Calculate the remainder when 42760030 is divided by 133.
131
What is the remainder when 2841341 is divided by 2841327?
14
What is the remainder when 11072298 is divided by 1771?
6
What is the remainder when 2136807 is divided by 673?
32
What is the remainder when 41588372 is divided by 13862754?
110
What is the remainder when 65404 is divided by 576?
316
Calculate the remainder when 138003 is divided by 3396.
2163
Calculate the remainder when 96807 is divided by 30632.
4911
What is the remainder when 251467 is divided by 7364?
1091
Calculate the remainder when 15266087 is divided by 957.
23
What is the remainder when 641061 is divided by 820?
641
What is the remainder when 85161 is divided by 8310?
2061
What is the remainder when 5396150 is divided by 674518?
6
What is the remainder when 6080732 is divided by 2556?
8
Calculate the remainder when 141783 is divided by 4830.
1713
What is the remainder when 1191055 is divided by 1190910?
145
Calculate the remainder when 10623026 is divided by 396.
326
What is the remainder when 826938 is divided by 619?
573
What is the remainder when 122062 is divided by 677?
202
Calculate the remainder when 22713511 is divided by 391612.
15
What is the remainder when 949274 is divided by 171?
53
What is the remainder when 13714960 is divided by 386?
380
What is the remainder when 22981021 is divided by 3283002?
7
What is the remainder when 51028 is divided by 10126?
398
What is the remainder when 14630380 is divided by 78?
76
What is the remainder when 330001 is divided by 164991?
19
What is the remainder when 9113681 is divided by 3037892?
5
What is the remainder when 5095712 is divided by 1610?
62
What is the remainder when 148005364 is divided by 80394?
10
Calculate the remainder when 54693 is divided by 1237.
265
What is the remainder when 3655417 is divided by 913828?
105
Calculate the remainder when 8715664 is divided by 8715654.
10
Calculate the remainder when 317173 is divided by 128.
117
Calculate the remainder when 793835188 is divided by 1255.
1253
What is the remainder when 734208 is divided by 3151?
25
Calculate the remainder when 122060 is divided by 39771.
2747
Calculate the remainder when 16868784 is divided by 1370.
1344
Calculate the remainder when 8330504 is divided by 148.
28
Calculate the remainder when 508843 is divided by 46258.
5
Calculate the remainder when 73510 is divided by 4581.
214
What is the remainder when 225175699 is divided by 30?
19
What is the remainder when 25186271 is divided by 722?
23
Calculate the remainder when 1935986 is divided by 1393.
1109
Calculate the remainder when 8009908 is divided by 49.
25
Calculate the remainder when 707374 is divided by 707348.
26
What is the remainder when 27784 is divided by 3776?
1352
Calculate the remainder when 40761651 is divided by 1213.
1212
Calculate the remainder when 45745 is divided by 5710.
65
What is the remainder when 1609387 is divided by 4033?
220
Calculate the remainder when 8186024 is divided by 537.
533
What is the remainder when 50738 is divided by 25355?
28
Calculate the remainder when 437477453 is divided by 676.
673
What is the remainder when 4306674 is divided by 71?
27
Calculate the remainder when 100562 is divided by 3583.
238
Calculate the remainder when 10833361 is divided by 194.
13
Calculate the remainder when 8334062 is divided by 8334054.
8
Calculate the remainder when 75689474 is divided by 2138.
2136
What is the remainder when 5376563 is divided by 169?
166
Calculate the remainder when 15514440 is divided by 747.
744
What is the remainder when 725837 is divided by 10?
7
Calculate the remainder when 397320 is divided by 460.
340
Calculate the remainder when 322691 is divided by 5469.
20
Calculate the remainder when 3378237 is divided by 180.
177
Calculate the remainder when 2373113 is divided by 1568.
729
Calculate the remainder when 1311311 is divided by 1509.
1499
What is the remainder when 852734 is divided by 32?
30
What is the remainder when 13378696 is divided by 57?
55
What is the remainder when 18173 is divided by 17080?
1093
Calculate the remainder when 60710599 is divided by 54.
19
Calculate the remainder when 7993785 is divided by 84145.
10
Calculate the remainder when 398956 is divided by 5682.
1216
What is the remainder when 32795388 is divided by 16397694?
0
What is the remainder when 991053 is divided by 2509?
2507
Calculate the remainder when 714381 is divided by 123.
120
Calculate the remainder when 13914875 is divided by 5241.
20
Calculate the remainder when 590424 is divided by 33.
21
Calculate the remainder when 2490908 is divided by 